t y(o) = -8*o - 35. Let r(m) be the first derivative of -3*m**2/2 - 12*m - 1. Let i(z) = 11*r(z) - 4*y(z). Give i(0).
8
Let m = 10 + -6. Suppose m*c - 7*c = 0. Let d(r) = -r**3 + r**2 + r - 5. Determine d(c).
-5
Suppose 2*a = -2 + 10. Let i(l) be the second derivative of 0 - 4*l - 1/12*l**4 + 1/2*l**3 - l**2. Give i(a).
-6
Suppose x - 20 = -3*x. Suppose -5*n + s = -3*s - 8, x*n = 5*s + 5. Let r(c) = 2*c**2 - 6*c. What is r(n)?
8
Let q(t) = -t**3 - 2*t**2 - 2*t. Suppose -46*d + 42*d - 12 = 0. Calculate q(d).
15
Let o(u) = 3*u**2 - 5*u - 7. Let k(p) = -2*p**2 + 3*p + 4. Let y(f) = -5*k(f) - 3*o(f). Calculate y(0).
1
Let y(h) = -h + 6. Let k be y(5). Let z(x) be the first derivative of -x - 1 + 0*x**2 + 5/3*x**3. What is z(k)?
4
Let p(i) = 9*i - 4 - 14*i + 4*i. Give p(-6).
2
Let a(u) = -u**2 + 1. Let j(s) = 7*s**2 + 4*s - 7. Let q(d) = -6*a(d) - j(d). Suppose -3*w = w + 8. Let x be (12/9)/(w/6). Calculate q(x).
1
Let h be 1/(-2) - (-28)/8. Let r(o) = h + 6*o**2 + 22*o - 20*o - 3*o**2. What is r(-2)?
11
Suppose 2*c = c. Suppose 3*h = -3 - c. Let u(s) = 5*s**2 + 3*s + 20. Let i(r) = 2*r**2 + r + 7. Let j(t) = 17*i(t) - 6*u(t). Determine j(h).
4
Let h = 3 - 6. Let l(o) be the second derivative of o**4/12 + 5*o**3/6 + o**2 - 9*o. Give l(h).
-4
Let y(h) = h - 7. Let k be 2 + 2 + -9 + (-5)/(-1). Calculate y(k).
-7
Let d(r) = -r**3 + r**2 - r. Let u(y) = y**3 + 3*y**2 - y - 5. Let h(p) = 2*d(p) + u(p). Give h(4).
-1
Let s(h) = -7*h**2 + 1. Let o(c) = -c**2 - 2*c + 1. Let u be o(-3). Let r = u - -3. Let d(v) = 2*v**2 - 1. Let k be d(r). Give s(k).
-6
Suppose -2*i + 1 - 3 = 0. Let z(w) = 7*w + 2. Let r be z(i). Let d(s) = 7*s + 6. Let j(p) = -6*p - 6. Let g(v) = -5*d(v) - 6*j(v). What is g(r)?
1
Let n(m) be the third derivative of m**7/2520 - m**6/240 + 3*m**5/20 - 6*m**2. Let g(j) be the third derivative of n(j). Suppose -4*q = -2*q - 6. What is g(q)?
3
Let v(h) be the first derivative of -h**3/3 - h**2 + 3*h + 4. Determine v(-5).
-12
Suppose -2*i + 2*g + 4 = 0, 0 = -5*i - 3*g - 2*g + 30. Let p = 1 + i. Let z(q) = 3*q - p*q**2 + q + 1 - q**3 + 2*q**2. What is z(-4)?
1
Let m(k) = 3*k - 1. Let f be m(4). Let o = f + -16. Let g be ((-12)/15)/(1/o). Let z(q) = 3*q - 6. Give z(g).
6
Let v be (7 + -2 - (0 - 1))/(-1). Let k(j) = j + 3. Calculate k(v).
-3
Let p(c) = 0 - 2*c + c**2 - 2*c**2 - 1 - 4*c**3. Calculate p(-1).
4
Let t(d) = 4*d**2 - 13 - 10*d + d**2 - 3 + d**3 - 15*d**2. Determine t(11).
-5
Suppose -2*z - 12 = -4*p, 0 = 2*p - 0*p - 4*z. Let j(h) = -5*h - p*h - 2*h + 2*h. Determine j(1).
-9
Let n = -16 + 22. Let v(r) = 2*r - 8. Determine v(n).
4
Let u(p) = 162*p - 163*p - 7 - 2. Determine u(-8).
-1
Let t(s) = -8*s**2 + 2*s + 2. Let j be t(-1). Let k(d) = d + 2. Give k(j).
-6
Let z be (-34)/(-8) + 1/(-4). Let v(o) = -3*o + 39. Let t(h) = 3*h + 11 + 5*h - 9*h. Let x(f) = -18*t(f) + 5*v(f). What is x(z)?
9
Let n be 4/8 - 4/(-8). Let c(i) = 4*i**3 - 2*i**2 + i. Give c(n).
3
Let n(j) = -2*j**3 + 4*j**2 + 7*j - 4. Let r(m) = 3*m**3 - 4*m**2 - 8*m + 5. Let v(q) = -4*n(q) - 3*r(q). Suppose 0 = 2*z + 2*z + 16. Calculate v(z).
17
Let f(i) be the second derivative of i**8/6720 - i**7/504 - i**6/360 + i**5/20 + i**4/6 - 4*i. Let g(w) be the third derivative of f(w). Calculate g(5).
-4
Let n be -15*3*(-6)/9. Let g be ((-3)/5)/((-6)/n). Suppose -g*x = -0*x, 3*z + x = 15. Let l(v) = v**2 - 7*v + 6. Determine l(z).
-4
Suppose n + 51 = 2*n. Let t be (-3)/5 - n/15. Let b(v) = -v**3 - 5*v**2 - 5*v - 1. Give b(t).
3
Let g = -30 + 42. Suppose -3*v = -0*r + r + 3, 0 = -v - 4*r - g. Let a(n) = -n**3 + n**2 + n + 5. What is a(v)?
5
Let m(g) = -2*g**2 - 2*g + 4. Suppose 1 = 4*h + 9. Let d be ((-3)/h)/((-1)/(-2)). Suppose -9 = d*s - 0. What is m(s)?
-8
Suppose 0 = 3*u - u - 6. Let d(l) = l**3 - 4*l**2 + 2*l - 2. What is d(u)?
-5
Suppose -3*g + 1 = -3*j - g, -3*j - 3*g = -24. Let v(a) be the third derivative of a**6/120 - a**5/30 - a**4/8 + a**3/6 + a**2. Determine v(j).
1
Suppose -4*g - 2*u = -u - 25, -g = 4*u + 5. Let k(y) = -y**3 + 8*y**2 - 6*y - 1. Give k(g).
6
Let z be 16/3 - 5/15. Let r(l) = -l**2 + 6*l + 1. Give r(z).
6
Let g(w) = -2*w**2 - 3*w - 1. Suppose 8 = -3*d + 4*d. Suppose -4*m - d = -0*m. Calculate g(m).
-3
Let h(p) = 7*p**2 - 2*p + 1. Suppose -4*d - 3 = -3*i, 0 - 1 = -i - 4*d. Determine h(i).
6
Suppose -5*m + 6 = 2*s - 3*m, 0 = -3*s - 5*m + 15. Let i be ((-14)/21)/((-1)/3). Let n(q) = -3*q**2 + q**3 + q + 7 + 3*q**i. What is n(s)?
7
Let m(p) = -p + 3. Let r(s) = 4*s - 9. Let n(v) = 7*m(v) + 2*r(v). Let i = 301 + -301. Give n(i).
3
Let t(j) be the second derivative of 7*j**5/20 - j**4/12 - j**3/6 + j**2/2 - 26*j. Let x be (-1)/(1/2) - -3. Calculate t(x).
6
Let u be 8/10 - (-7 - 238/(-35)). Let h(l) = 10*l**2 + 1. What is h(u)?
11
Suppose c - 4*c + 25 = -5*s, 0 = -s - 3*c + 13. Suppose -4*r - 16 = 44. Let k be s/(-4) - r/10. Let x(b) = -b**3 + 4*b**2 - 4*b + 2. Calculate x(k).
2
Suppose 15 = -5*j + 10. Let f(x) = -5*x**3 + 1 + x**2 - 2*x**2 + x + 0*x. Calculate f(j).
4
Let x be 3/(4/((-16)/(-3))). Let p(u) = 2*u - 5. Let v(g) = -g**2 - 7*g - 2. Let h be v(-5). Let j(f) = -f + 2. Let o(w) = h*j(w) + 3*p(w). Give o(x).
-7
Let s(b) = 8*b + 2*b**3 - b**3 - 7*b - 2 + 2*b**2. Calculate s(-2).
-4
Suppose 4*o = 3*o + 3. Let u(k) = 3*k**2 - 2*k**2 + k**3 - k + 4 - k**2 - 3*k**2. Give u(o).
1
Let n(a) = -5*a + 8*a + 4 + 0*a + 2*a - 7*a**2 + a**3. Give n(6).
-2
Let q(k) = -2*k**2 + 6*k**2 + 3 - 2 + 3*k**2. Determine q(-1).
8
Let s(d) be the first derivative of -3*d**4/4 - d**3/3 + 10. What is s(-1)?
2
Let r = -6 + 1. Let y(f) = 2*f - f**2 - 6 + 5*f**2 + f - 3*f**2. Give y(r).
4
Let u(o) = 4*o + 1. Let n(y) be the first derivative of 5*y**2/2 + 2*y + 1. Let d(k) = -3*n(k) + 4*u(k). What is d(-2)?
-4
Let n = -2 + 5. Suppose 2 = -n*l + 5. Let c be l/1 - 8/(-2). Let k(d) = -d**3 + 5*d**2 - d - 1. Give k(c).
-6
Let b = -1 + 3. Let y be b/6 + (-16)/(-6). Let h(s) = 0*s**2 + 76*s + s**3 - 2*s**2 - s**2 - 3 - 75*s. Give h(y).
0
Let a(k) = 4*k**3 + 3*k**2 - 2*k - 5. Let w(s) = -5*s**3 - 4*s**2 + 3*s + 5. Let h(j) = 4*a(j) + 3*w(j). Let r be h(0). Let q(c) = c**2 + 6*c + 6. What is q(r)?
1
Let x(t) be the third derivative of -t**5/60 - t**4/8 - 2*t**3/3 + 2*t**2. What is x(-3)?
-4
Let p(a) = -6*a + 1. Let o(w) = -w - 1. Let g(h) = 2*o(h) - p(h). Let m be g(2). Let s(q) = 2. Let f(z) = -z - 6. Let b(u) = -f(u) - 4*s(u). Give b(m).
3
Let v(z) = -z**2 - 6*z - 7. Let w(s) = 5*s**2 - 2 + s - 3 + 0*s**2 - 4*s**2. Let i(p) = p**2 - 2*p. Let h be i(2). Let k be w(h). What is v(k)?
-2
Let f(p) = -p**2 + 6*p + 1. Suppose 3*n + 16 = 7*n. Suppose -5*c + n*c + 5 = 0. What is f(c)?
6
Let a be 9/4 + 1/(-4). Suppose 4*k = 4*f, -4*k = 2*f - f - 5. Let h(x) = x**3 + 3*x**2 + 2*x - k + 0 - 4*x**2. Determine h(a).
7
Let x(s) = s - 1. Let u(y) = y**3 + 2*y**2 + 4. Let k be u(-3). Let p(f) = -f + 1. Let o(l) = k*p(l) - 6*x(l). Determine o(0).
1
Let x(o) = o**3 - o**2 + 3*o - 1. Let v(f) = f + 1. Let c(z) = -z - 7. Let p(g) = c(g) + 2*v(g). Let i be p(7). What is x(i)?
9
Let d(c) = -6*c**2 + 11*c + 6. Let t(g) = -5*g**2 + 10*g + 6. Let z(q) = -4*d(q) + 5*t(q). Determine z(6).
6
Let v(u) = u**3 + 4*u**2 - 4*u - 4. Let i(s) = -s**2 - 5*s - 5. Let a = -12 - -7. Let d be i(a). Determine v(d).
-9
Let m(g) = 7*g - 3. Let v(h) = 8*h - 3. Let s(w) = 6*m(w) - 5*v(w). Suppose -4*y + 10 + 6 = 0. Give s(y).
5
Let t(h) = 3 + h + h + h + 2*h**2 + h**3. Suppose -x + 5*q = 7, 3*x + 3*q = x - 1. Determine t(x).
-3
Let b(m) = 3*m**2 + 3*m - 3. Let s be b(-3). Suppose s*w - 19*w + 32 = 0. Let j(z) = 2*z - 10. Calculate j(w).
6
Let d(j) = -j + 3. Suppose -5*p = 2*f + 1 - 6, f - 5 = -5*p. Give d(f).
3
Let h(o) = o. Let p be h(-5). Let z(m) = -12 + m**3 - 4*m**3 + 9 + 5*m**2 + 4*m**3. What is z(p)?
-3
Suppose 8 = 5*t - 2. Let d(h) = 3*h - 8. Suppose 5*s + 3 + 2 = 0. Let m(p) = -1. Let a(n) = s*d(n) + 6*m(n). Calculate a(t).
-4
Let h(k) = k - 4. Let y(r) = r**3 + 6*r**2 + 4*r + 1. Let g be y(-5). Let j be h(g). Suppose -3*q = j*q - 5. Let i(s) = -10*s. What is i(q)?
-10
Let q(i) be the first derivative of i**3/3 - 4*i**2 + 11*i - 9. Calculate q(8).
11
Let d(x) be the third derivative of x**5/12 - x**3/6 - 6*x**2. Let c = 2 - 3. Give d(c).
4
Let j(c) be the third derivative of c**4/8 - 7*c**3/6 - 5*c**2. Determine j(5).
8
Let q